1*q - 6. Calculate o(-8).
-94
Let t(l) = -7*l**3 - 3*l**2 + 1. Give t(-2).
45
Let a(b) = 39*b + 480. Determine a(-14).
-66
Let i(s) = -5*s**2 + 110*s - 32. Determine i(21).
73
Let f(j) = j**2 - 707*j - 4265. Calculate f(-6).
13
Let f(o) = 8*o**2 - 97*o - 29. Calculate f(12).
-41
Let l(u) = -3*u**3 - 4*u - 54. Determine l(0).
-54
Let u(q) = q**3 + 53*q**2 - 116*q - 358. What is u(-55)?
-28
Let i(u) = -47*u**2 - 2449*u - 261. Determine i(-52).
-1
Let s(o) = -65*o + 2. Give s(-4).
262
Let y(w) = -w**3 - 7*w**2 - 19*w - 17. Determine y(-4).
11
Let u(y) = -645*y + 125133. Determine u(194).
3
Let m(z) = -4*z**2 + 47*z + 154. Determine m(14).
28
Let r(c) = 9*c**3 + 28*c**2 + c + 1. Give r(-3).
7
Let v(k) = -14*k**2 - 45*k - 82. Calculate v(-2).
-48
Let n(c) = -2*c**2 + 156*c + 150. Determine n(79).
-8
Let m(w) = 7*w**2 - 22*w + 35. Calculate m(3).
32
Let p(u) = 65*u**2 + 973*u + 50. What is p(-15)?
80
Let u(o) = -5*o**3 + 7*o**2 - 41*o + 126. Determine u(4).
-246
Let z(u) = -u**3 + 18*u**2 + 4*u - 62. Determine z(18).
10
Let s(w) = 1183*w + 119479. Determine s(-101).
-4
Let i(c) = -18*c**2 + 68*c + 61. Calculate i(-1).
-25
Let n(i) = i**3 - 2*i**2 - 51*i + 54. Calculate n(8).
30
Let z(n) = n**3 - 42*n - 168. Calculate z(8).
8
Let j(d) = d**3 + 35*d**2 + 97*d + 1023. Give j(-33).
0
Let i(f) = -3749*f - 59991. Determine i(-16).
-7
Let k(y) = -176*y**2 - 885*y + 886. Determine k(1).
-175
Let y(p) = 2*p**3 + 19*p**2 + 32*p - 2. What is y(-7)?
19
Let x(t) = 52*t + 31. Calculate x(-1).
-21
Let a(u) = -u**3 - 485*u + 2. What is a(0)?
2
Let l(o) = -o**2 - 69*o - 1076. Calculate l(-41).
72
Let y(x) = 7*x**2 + 22*x + 8. What is y(-2)?
-8
Let u(h) = 3852*h - 3. What is u(0)?
-3
Let x(k) = k**3 - 25*k**2 - 76*k - 206. Determine x(28).
18
Let h(r) = -14*r**3 - 86*r**2 + 84*r + 8. Calculate h(-7).
8
Let v(z) = z**3 - 2*z**2 - 1370*z - 2733. Give v(-2).
-9
Let z(m) = m**3 - 9*m**2 - 19*m - 15. Give z(11).
18
Let c(p) = 2*p**2 - 51*p - 7307. Determine c(-49).
-6
Let k(s) = 26388*s + 131947. Calculate k(-5).
7
Let n(w) = w**3 - 14*w**2 + 26*w - 43. Calculate n(11).
-120
Let c(a) = -2*a**3 - 52*a**2 - 290*a - 28. Give c(-18).
8
Let z(n) = -518*n - 7256. Calculate z(-14).
-4
Let w(j) = -2*j**2 - 345*j + 5419. Determine w(-187).
-4
Let r(h) = 31*h + 99. What is r(-9)?
-180
Let t(s) = -29*s - 46. Calculate t(-1).
-17
Let n(a) = -66*a + 2075. Give n(31).
29
Let k(l) = 2*l**2 + 65*l + 58. Determine k(-32).
26
Let j(i) = -i**3 - 15*i**2 + 39*i + 28. Determine j(-17).
-57
Let l(j) = -5*j**2 - 9*j + 10. Give l(3).
-62
Let t(s) = -2022*s + 78857. What is t(39)?
-1
Let l(w) = -w**2 - 29*w - 19. What is l(-17)?
185
Let h(d) = 15*d - 589. Determine h(39).
-4
Let w(h) = h**2 - 531*h + 30693. What is w(66)?
3
Let u(x) = -x**3 - 139*x**2 - 272*x + 267. Calculate u(-137).
-7
Let c(r) = r**3 + 23*r**2 + 52*r + 666. Determine c(-22).
6
Let i(n) = 3*n**3 + 41*n**2 + 114*n + 54. Determine i(-10).
14
Let r(o) = -15*o + 91. Determine r(9).
-44
Let d(a) = -2*a**2 - 30*a + 189. What is d(6)?
-63
Let u(j) = -272*j - 4633. Give u(-17).
-9
Let y(a) = 3*a**2 - 50*a + 57. Give y(15).
-18
Let q(h) = -808*h + 812. Calculate q(1).
4
Let r(o) = 2308*o - 76172. Give r(33).
-8
Let j(o) = o**2 - 86*o + 879. Determine j(12).
-9
Let x(i) = -i**3 - 22*i**2 - 5*i + 44. Give x(-22).
154
Let t(k) = 9*k + 38. Give t(-4).
2
Let p(w) = -w**3 - 37*w**2 - 273*w - 23. Calculate p(-10).
7
Let w(t) = -6*t + 376. What is w(56)?
40
Let h(v) = -v**2 - 23*v + 167. What is h(5)?
27
Let z(q) = 23*q + 99. Determine z(-4).
7
Let n(l) = -281*l - 10893. Calculate n(-39).
66
Let k(q) = 2*q**2 + 18*q - 11. Calculate k(-7).
-39
Let p(k) = -2*k**2 + 126*k - 994. Give p(9).
-22
Let x(p) = 3*p**2 - 19*p - 30. Calculate x(11).
124
Let f(z) = z**2 + 418*z - 3392. Calculate f(8).
16
Let v(p) = -28*p - 934. Calculate v(-34).
18
Let x(y) = 81*y**2 - 12155*y + 749. Give x(150).
-1
Let q(z) = -z**3 - 9*z**2 + 8*z + 32. Calculate q(-7).
-122
Let w(u) = 2*u**2 - 857*u - 14. Determine w(0).
-14
Let y(w) = -w**2 + 2*w + 40. Calculate y(6).
16
Let v(g) = -g**3 + 563*g**2 + 8050*g + 16154. Give v(577).
-2
Let n(v) = 6*v - 53. Determine n(5).
-23
Let p(z) = -z**2 + 110*z + 7771. Determine p(-49).
-20
Let u(d) = -137*d - 386. Calculate u(-5).
299
Let k(h) = -h**2 + 22*h - 40. Calculate k(4).
32
Let u(n) = -n**2 - 356*n + 1439. Give u(4).
-1
Let g(f) = 16*f - 88. What is g(4)?
-24
Let t(o) = -32*o**3 - 9*o**2 + 5*o + 6. What is t(-2)?
216
Let v(d) = 7*d**2 + 16*d - 79. What is v(4)?
97
Let i(c) = c**3 - 19*c**2 + 6*c + 11. Calculate i(18).
-205
Let m(x) = -x**3 + 6*x**2 + 3211*x - 22428. Determine m(7).
0
Let w(h) = h**3 - 38*h**2 + 266*h + 13. What is w(10)?
-127
Let n(t) = 3*t**3 - 19*t**2 - 9*t + 35. Give n(6).
-55
Let p(m) = -m**3 + 2*m**2 + 133*m + 22. Determine p(-13).
828
Let h(t) = t**2 + 26*t + 153. Determine h(-11).
-12
Let t(d) = -d**2 + 7*d + 28. What is t(-6)?
-50
Let b(n) = 3*n**3 + 2*n**2 + n - 10. Calculate b(3).
92
Let m(f) = 780*f - 4644. What is m(6)?
36
Let x(w) = -w**3 - 38*w**2 + 483*w + 148. Calculate x(-48).
4
Let s(x) = -22*x + 72. Give s(7).
-82
Let i(s) = -5*s**2 + 21*s - 35. What is i(2)?
-13
Let g(n) = -12*n - 129. Give g(-8).
-33
Let n(b) = 164*b - 2748. Calculate n(17).
40
Let c(i) = -550*i + 1694. Give c(3).
44
Let z(h) = 3*h**2 + 110*h - 1630. Calculate z(-48).
2
Let f(d) = 2*d**2 + 17*d - 7. Calculate f(0).
-7
Let z(g) = 4*g**2 + 19*g - 71. Give z(-8).
33
Let b(o) = o**2 - 54*o - 1344. What is b(-19)?
43
Let a(r) = 10*r**2 - 15*r + 20. Give a(4).
120
Let x(j) = -303*j + 4239. Determine x(14).
-3
Let n(v) = -2*v**3 - 26*v**2 + 41*v + 529. Determine n(-13).
-4
Let t(k) = 114*k - 39. What is t(3)?
303
Let m(q) = 2*q**2 - 84*q - 481. Calculate m(47).
-11
Let g(c) = c**2 - 7*c + 62. What is g(6)?
56
Let r(v) = 7*v**2 + 30*v + 17. Give r(8).
705
Let w(n) = -43*n + 312. Give w(8).
-32
Let k(c) = -c**3 - 2*c**2 + 28*c - 16. What is k(4)?
0
Let u(s) = -8*s - 371. Determine u(-5).
-331
Let a(i) = -i**3 - 136*i**2 + 256*i - 2765. What is a(-138)?
-5
Let v(r) = 123*r**2 - 610*r + 11. Give v(5).
36
Let d(u) = -9*u**2 + 458*u + 2562. Determine d(56).
-14
Let k(g) = -g**3 + 16*g**2 - 30*g - 76. Give k(4).
-4
Let k(o) = 17*o**2 - 112*o - 4. What is k(7)?
45
Let d(s) = -4*s**2 - 3*s + 2. Calculate d(0).
2
Let p(k) = -k**2 + 128*k + 40446. Determine p(275).
21
Let s(j) = j**3 + 17*j**2 + 35*j + 11. Determine s(-3).
32
Let z(b) = -b**2 + 14*b + 253. What is z(24)?
13
Let z(j) = 4*j + 101. Give z(27).
209
Let q(o) = -2*o**3 + 12*o**2 + 115*o + 29. Determine q(-5).
4
Let v(m) = -2*m**3 - 11*m**2 + 62*m + 25. Determine v(-9).
34
Let t(p) = 11*p + 288. Give t(-26).
2
Let p(o) = -3*o**2 + 168*o + 112. What is p(56)?
112
Let w(s) = s**3 + 8*s**2 + 86*s + 5. What is w(0)?
5
Let l(b) = -b**2 - 161*b - 1504. Calculate l(-10).
6
Let a(q) = q**2 - 39*q + 353. Calculate a(24).
-7
Let o(r) = -15*r**2 - 86*r - 2. Determine o(-5).
53
Let s(o) = -o - 139. Determine s(22).
-161
Let t(f) = f**3 - 95*f**2 - 95*f + 86. Calculate t(96).
182
Let t(u) = 17*u - 91. Determine t(-7).
-210
Let f(h) = 3*h**3 + 44*h**2 + 23*h - 58. Give f(-14).
12
Let l(v) = -3*v**2 - 28*v + 194. Give l(-17).
-197
Let w(i) = 7*i - 268. Calculate w(37).
-9
Let j(l) = 2134*l - 70424. Give j(33).
-2
Let x(u) = 68*u + 2499. Determine x(-37).
-17
Let n(m) = 2*m**2 - 60*m - 217. Calculate n(32).
-89
Let k(q) = -2*q**3 - 2*q**2 + 26*q. What is k(3)?
6
Let q(y) = 2*y**3 - 12*y**2 + 38*y - 374. Give q(7).
-10
Let g(n) = -149*n - 438. Give g(-3).
9
Let c(t) = 442*t + 10599. Calculate c(-24).
-9
Let x(y) = 1383*y + 4145. What is x(-3)?
-4
Let k(g) = -1497*g - 8981. Calculate k(-6).
1
Let d(m) = -1073*m + 13. Determine d(0).
13
Let i(n) = -16*n**3 - 2*n**2 + 13*n - 9. Determine i(1).
-14
Let i(t) = 383*t + 754. Calculate i(-2).
-12
Let m(a) = 52*a - 1231. Calculate m(24).
17
Let c(f) = -5*f**2 + 1473*f - 8084. What is c(289)?
8
Let y(d) = -d**2 + 39*d + 743. Determine y(53).
1
Let c(m) = 2*m**2 + 64*m - 62. What is c(-21)?
-524
Let d(k) = -2*k**3 + 24*k**2 + 5*k + 26. Determine d(12).
86
Let r(o) = 279*o + 1947. Give r(-7).
-6
Let z(n) = 24*n - 2270. What is z(91)?
-86
Let a(l) = l**3 - 21*l**2 + 64*l + 237. What is a(16)?
-19
Let y(s) = 14*s**2 + 244*s - 26. Calculate y(-18).
118
Let 